84b02
111211011121112 (base 3) to base 8
34011741
What is -a9fba (base 16) in base 3?
-1022101002001
-15838213 (base 9) to base 14
-10a8d43
Convert -261216 (base 7) to base 11.
-33468
-411124110 (base 6) to base 16
-6babca
12857801 (base 9) to base 10
6356800
9db9d (base 14) to base 12
16607b
35113310 (base 6) to base 10
1082922
Convert -b370 (base 13) to base 6.
-310353
What is 1022011100201 (base 3) in base 12?
294617
-100000100001101111 (base 2) to base 11
-9110a
What is 11001011122021 (base 3) in base 7?
24156544
What is 998971 (base 12) in base 8?
11240145
Convert 1b5299 (base 13) to base 3.
1022101222121
Convert -19b81 (base 16) to base 3.
-12100111200
3120241 (base 5) to base 9
77353
Convert -183301 (base 11) to base 5.
-33020121
1470221 (base 10) to base 14
2a3b1b
Convert -10135880 (base 9) to base 10.
-4866066
Convert 675b0 (base 14) to base 2.
111101001111010110
What is 210430 (base 10) in base 14?
5698a
Convert -14701778 (base 9) to base 11.
-4152236
-43436 (base 7) to base 3
-112220002
Convert 63717 (base 8) to base 15.
7d1a
Convert 223201201 (base 4) to base 12.
87201
-12a2b (base 15) to base 14
-17a5c
What is fcc89 (base 16) in base 7?
11541443
Convert -7622272 (base 8) to base 5.
-1010303033
96975 (base 10) to base 3
11221000200
What is 276267 (base 12) in base 14?
130263
Convert 10336656 (base 7) to base 12.
3673a0
435126 (base 12) to base 8
4042556
Convert -11000000111111000 (base 2) to base 13.
-35c88
What is -31133412 (base 5) in base 6?
-5250442
Convert -133635 (base 8) to base 14.
-131b7
10432243 (base 5) to base 6
1553423
Convert -23975 (base 11) to base 10.
-34446
Convert 37228 (base 10) to base 3.
1220001211
a527a (base 12) to base 2
110100110100111110
Convert -3101962 (base 12) to base 3.
-122022220120202
Convert -1002122220 (base 3) to base 15.
-6619
-1255436 (base 9) to base 10
-686346
Convert 5202334 (base 8) to base 2.
101010000010011011100
1302374 (base 8) to base 6
11430352
Convert 2948a1a (base 12) to base 11.
4766210
-732656 (base 8) to base 13
-86875
Convert 23105 (base 11) to base 6.
414345
Convert 48053b (base 12) to base 9.
2160842
-210405 (base 6) to base 12
-9a05
-230322300023 (base 4) to base 2
-101100111010110000001011
Convert 69cfed (base 16) to base 8.
32347755
1020212012201202 (base 3) to base 14
2565a52
-47926 (base 13) to base 8
-400150
What is 110001101020021 (base 3) in base 7?
105302551
21031113331 (base 4) to base 11
13a9806
Convert 12030001 (base 6) to base 2.
1011100000100110001
What is 87bba0 (base 12) in base 11?
1243253
Convert -132a81 (base 11) to base 7.
-1530066
110a4 (base 12) to base 3
1010222121
Convert -5034025 (base 7) to base 5.
-123044324
Convert -239cd (base 14) to base 15.
-1aba9
Convert -11022122112 (base 3) to base 5.
-10210122
What is 23131220 (base 4) in base 2?
1011011101101000
What is -3605877 (base 9) in base 5?
-444443410
What is 46040205 (base 7) in base 2?
1111010010111100101101
What is 11252251 (base 7) in base 15?
147971
638431 (base 13) to base 3
11101110112111
What is -978b0 (base 13) in base 14?
-71b7d
Convert b3e6 (base 16) to base 14.
12ad8
What is -2307278 (base 13) in base 5?
-10230031223
What is b980 (base 14) in base 11?
220a6
What is -781b39 (base 12) in base 6?
-104543313
-44345441 (base 6) to base 13
-37a212
What is -12132003444 (base 5) in base 14?
-1c8db32
-763757 (base 9) to base 16
-6f35b
-3778a0 (base 14) to base 3
-10120200211121
Convert -52d4e (base 16) to base 10.
-339278
What is 304011040 (base 6) in base 14?
9a0c5a
2952b4 (base 14) to base 15
1d55ac
Convert -144013121 (base 5) to base 7.
-6342110
What is 2237777 (base 9) in base 8?
4464203
What is 12431035 (base 6) in base 2?
1100011101110011111
343150155 (base 6) to base 15
84a742
What is -1032414143 (base 5) in base 11?
-1295286
What is -313352 (base 8) in base 10?
-104170
What is 3051413 (base 9) in base 15?
222663
-352431531 (base 6) to base 11
-3786085
3a881 (base 11) to base 16
e3b2
Convert -1d790b (base 14) to base 6.
-34403051
Convert -111220201212210 (base 3) to base 12.
-2587a56
-1c844 (base 14) to base 7
-422514
Convert 1505233 (base 6) to base 9.
141843
Convert 34a1c (base 14) to base 4.
133103102
What is -821c4 (base 15) in base 13?
-1157a7
Convert cd2cd8 (base 15) to base 8.
45236066
Convert -30b96 (base 14) to base 11.
-80341
Convert 15234555 (base 8) to base 10.
3488109
Convert 1220001121112 (base 3) to base 12.
405728
74ba4 (base 13) to base 14
56b08
1495362 (base 10) to base 6
52014550
What is 5540530 (base 7) in base 10?
682150
4c9bc (base 16) to base 9
527383
Convert -48b782 (base 12) to base 14.
-22a72a
What is 2142400131 (base 5) in base 6?
243422234
What is 73725 (base 12) in base 8?
447515
What is -200852 (base 9) in base 4?
-131000021
Convert -3378b (base 13) to base 5.
-10443242
127907 (base 16) to base 5
302220011
Convert 11444333 (base 5) to base 16.
1ab1f
-15024 (base 13) to base 14
-105cc
What is 10110000001100011101 (base 2) in base 9?
1318871
-102220132123 (base 4) to base 2
-10010101000011110011011
-233130300130 (base 4) to base 13
-27667c0
What is 1131943 (base 10) in base 12?
467087
What is -155254514 (base 6) in base 9?
-6243601
-436a6 (base 15) to base 6
-4331203
-112ec2 (base 15) to base 16
-c8372
Convert -272579 (base 12) to base 2.
-10011101111110101101
-315432001 (base 6) to base 8
-25241041
What is a19816 (base 12) in base 15?
34d5a3
10122223303 (base 4) to base 12
47a097
Convert e5e93 (base 15) to base 9.
1330783
272b (base 12) to base 14
18d5
What is -15353243 (base 6) in base 12?
-222823
-32ad3a (base 16) to base 6
-155103402
Convert -13011220 (base 5) to base 8.
-365562
225885 (base 16) to base 12
906719
What is d1d356 (base 16) in base 13?
2b0607c
Convert 2045000 (base 11) to base 7.
42445642
What is -436310 (base 9) in base 13?
-9175b
Convert 572709a (base 11) to base 14.
148d02a
Convert 35250143 (base 6) to base 14.
207195
-12112112 (base 7) to base 3
-2000210211022
122111011020221 (base 3) to base 11
5278368
What is -748754 (base 13) in base 7?
-32136242
Convert -2799 (base 14) to base 13.
-3251
What is 113311210 (base 5) in base 2?
10000000010111101101
-102232300023 (base 4) to base 3
-100020110101020
1045104 (base 8) to base 3
112021200012
-756140 (base 9) to base 13
-12a167
What is -501023 (base 8) in base 10?
-164371
Convert -31021124 (base 5) to base 13.
-8a587
What is -21670 (base 15) in base 8?
-317140
-16c482 (base 15) to base 8
-4155407
Convert -1212200121022 (base 3) to base 6.
-33215012
Convert -11024000 (base 5) to base 8.
-272414
Convert 11543352 (base 9) to base 16.
5608e8
Convert -223141302 (base 5) to base 13.
-288925
-3477 (base 10) to base 11
-2681
130132023 (base 4) to base 6
2255523
-3a13b (base 13) to base 8
-322540
Convert -100011000011011010110 (base 2) to base 9.
-2140555
-1225256 (base 8) to base 5
-41313411
-16bc52 (base 14) to base 16
-c38a0
What is 4074a (base 11) in base 14?
17957
6512240 (base 7) to base 9
1437878
What is -1737182 (base 9) in base 15?
-1424d5
What is 1065717 (base 8) in base 15?
5acb3
-1000010101101011 (base 2) to base 12
-17923
131101013001 (base 4) to base 10
7672257
Convert 4854874 (base 12) to base 7.
230251450
What is 1428c8 (base 15) in base 14?
1b3a17
274545 (base 9) to base 3
22111121112
What is -1726641 (base 10) in base 15?
-2418e6
Convert -11110011101111001 (base 2) to base 3.
-20100011222
Convert 8251374 (base 9) to base 13.
bb2406
What is 43211310 (base 7) in base 13?
9bc883
What is 44299 (base 13) in base 11?
8486a
-111111010110100000011 (base 2) to base 15
-2b013c
What is -47eb (base 16) in base 10?
-18411
What is -2315656 (base 8) in base 13?
-1907ba
-c9035 (base 14) to base 5
-111020420
What is 1a99648 (base 11) in base 16?
35cfc5
Convert -101123133 (base 4) to base 9.
-117833
Convert -a18059 (base 13) to base 3.
-21001222120110
Convert -136a682 (base 13) to base 9.
-12480746
100001111010100010 (base 2) to base 7
1115666
What is -b39875 (base 13) in base 2?
-1111111111001110010111
What is -308452 (base 9) in base 2?
-101100110000110110
Convert 2073877 (base 9) to base 10.
1111714
112210112211 (base 3) to base 5
33310041
Convert -132311133 (base 4) to base 8.
-366537
What is -1276775 (base 12) in base 14?
-6aa8ad
What is -1030325 (base 6) in base 5?
-3110134
Convert 2030633 (bas